{"id":3827,"date":"2018-06-03T13:36:25","date_gmt":"2018-06-03T10:36:25","guid":{"rendered":"https:\/\/www.dinegitimikongresi.com\/?page_id=3827"},"modified":"2018-09-03T14:30:50","modified_gmt":"2018-09-03T11:30:50","slug":"tarihler","status":"publish","type":"page","link":"https:\/\/www.dinegitimikongresi.com\/2018\/tr\/tarihler\/","title":{"rendered":"Tarihler"},"content":{"rendered":"<div class=\"gdlr-shortcode-wrapper\"><div class=\"gdlr-item-title-wrapper gdlr-item pos-left \"><div class=\"gdlr-item-title-head\"><h3 class=\"gdlr-item-title gdlr-skin-title gdlr-skin-border gdlr-title-small\"><strong>TAR\u0130HLER<\/strong><\/h3><div class=\"clear\"><\/div><\/div><div class=\"gdlr-item-title-divider\"><\/div><\/div><\/div>\n<table>\n<tbody>\n<tr>\n<td style=\"text-align: left;\" width=\"315\"><strong>Bildiri \u00d6zeti G\u00f6nderme ve Kay\u0131t Ba\u015flang\u0131\u00e7<\/strong><\/td>\n<td style=\"text-align: left;\" width=\"316\">23 Temmuz 2018<\/td>\n<\/tr>\n<tr>\n<td style=\"text-align: left;\" width=\"315\"><strong>Bildiri \u00d6zeti G\u00f6nderme ve Kay\u0131t Biti\u015f<\/strong><\/td>\n<td style=\"text-align: left;\" width=\"316\">7 Eyl\u00fcl 2018<\/td>\n<\/tr>\n<tr>\n<td style=\"text-align: left;\" width=\"315\"><strong>Kabul Edilen Bildirilerin \u0130lan\u0131<\/strong><\/td>\n<td style=\"text-align: left;\" width=\"316\">14 Eyl\u00fcl 2018<\/td>\n<\/tr>\n<tr>\n<td style=\"text-align: left;\" width=\"315\"><strong>Konaklama Bildirim Son Tarih<\/strong><\/td>\n<td style=\"text-align: left;\" width=\"316\">14 Eyl\u00fcl 2018<\/td>\n<\/tr>\n<tr>\n<td style=\"text-align: left;\" width=\"315\"><strong>Kongre Program\u0131n\u0131n \u0130lan\u0131<\/strong><\/td>\n<td style=\"text-align: left;\" width=\"316\">2 Kas\u0131m 2018<\/td>\n<\/tr>\n<tr>\n<td style=\"text-align: left;\" width=\"315\"><strong>Kongre Ba\u015flang\u0131\u00e7 Tarihi<\/strong><\/td>\n<td style=\"text-align: left;\" width=\"316\">9 Kas\u0131m 2018<\/td>\n<\/tr>\n<tr>\n<td style=\"text-align: left;\" width=\"315\"><strong>Kongre Biti\u015f Tarihi<\/strong><\/td>\n<td style=\"text-align: left;\" width=\"316\">11 Kas\u0131m 2018<\/td>\n<\/tr>\n<tr>\n<td style=\"text-align: left;\" width=\"315\"><strong>Bildiri Tam Metni Son G\u00f6nderim Tarihi<\/strong><\/td>\n<td style=\"text-align: left;\" width=\"316\">23 Kas\u0131m 2018<\/td>\n<\/tr>\n<\/tbody>\n<\/table>\n","protected":false},"excerpt":{"rendered":"<p>Bildiri \u00d6zeti G\u00f6nderme ve Kay\u0131t Ba\u015flang\u0131\u00e7 23 Temmuz 2018 Bildiri \u00d6zeti G\u00f6nderme ve Kay\u0131t Biti\u015f 7 Eyl\u00fcl 2018 Kabul Edilen Bildirilerin \u0130lan\u0131 14 Eyl\u00fcl 2018 Konaklama Bildirim Son Tarih 14 Eyl\u00fcl 2018 Kongre Program\u0131n\u0131n \u0130lan\u0131 2 Kas\u0131m 2018 Kongre Ba\u015flang\u0131\u00e7 Tarihi 9 Kas\u0131m 2018 Kongre Biti\u015f Tarihi 11 Kas\u0131m 2018 Bildiri Tam Metni Son G\u00f6nderim&#8230; <\/p>\n<div class=\"clear\"><\/div>\n<p><a href=\"https:\/\/www.dinegitimikongresi.com\/2018\/tr\/tarihler\/\" class=\"gdlr-info-font excerpt-read-more\">Read More<\/a><\/p>\n","protected":false},"author":1,"featured_media":0,"parent":0,"menu_order":0,"comment_status":"closed","ping_status":"closed","template":"","meta":[],"_links":{"self":[{"href":"https:\/\/www.dinegitimikongresi.com\/2018\/wp-json\/wp\/v2\/pages\/3827"}],"collection":[{"href":"https:\/\/www.dinegitimikongresi.com\/2018\/wp-json\/wp\/v2\/pages"}],"about":[{"href":"https:\/\/www.dinegitimikongresi.com\/2018\/wp-json\/wp\/v2\/types\/page"}],"author":[{"embeddable":true,"href":"https:\/\/www.dinegitimikongresi.com\/2018\/wp-json\/wp\/v2\/users\/1"}],"replies":[{"embeddable":true,"href":"https:\/\/www.dinegitimikongresi.com\/2018\/wp-json\/wp\/v2\/comments?post=3827"}],"version-history":[{"count":10,"href":"https:\/\/www.dinegitimikongresi.com\/2018\/wp-json\/wp\/v2\/pages\/3827\/revisions"}],"predecessor-version":[{"id":4592,"href":"https:\/\/www.dinegitimikongresi.com\/2018\/wp-json\/wp\/v2\/pages\/3827\/revisions\/4592"}],"wp:attachment":[{"href":"https:\/\/www.dinegitimikongresi.com\/2018\/wp-json\/wp\/v2\/media?parent=3827"}],"curies":[{"name":"wp","href":"https:\/\/api.w.org\/{rel}","templated":true}]}}