{"id":3821,"date":"2018-06-03T13:34:39","date_gmt":"2018-06-03T10:34:39","guid":{"rendered":"https:\/\/www.dinegitimikongresi.com\/?page_id=3821"},"modified":"2025-07-09T17:47:55","modified_gmt":"2025-07-09T14:47:55","slug":"kurullar","status":"publish","type":"page","link":"https:\/\/www.dinegitimikongresi.com\/2022\/tr\/kurullar\/","title":{"rendered":"Kurullar"},"content":{"rendered":"<div class=\"gdlr-item gdlr-content-item\">\n<div class=\"gdlr-shortcode-wrapper\"><div class=\"gdlr-item-title-wrapper gdlr-item pos-left \"><div class=\"gdlr-item-title-head\"><h3 class=\"gdlr-item-title gdlr-skin-title gdlr-skin-border gdlr-title-small\">D\u00fczenleme Kurulu<\/h3><div class=\"clear\"><\/div><\/div><div class=\"gdlr-item-title-divider\"><\/div><\/div><\/div>\n<ul>\n<li>Prof. Dr. Muhiddin Okumu\u015flar (Necmettin Erbakan \u00dcniversitesi)<\/li>\n<li>Prof. Dr. Mustafa Tavuk\u00e7uo\u011flu (Necmettin Erbakan \u00dcniversitesi)<\/li>\n<li>Prof. Dr. Nurullah Alta\u015f (Marmara \u00dcniversitesi)<\/li>\n<li>Prof. Dr. \u0130brahim Turan (Ondokuz May\u0131s \u00dcniversitesi)<\/li>\n<li>Prof. Dr. Ay\u015fe Zi\u015fan Furat (\u0130stanbul \u00dcniversitesi)<\/li>\n<li>Do\u00e7. Dr. H. Yusuf Acuner (Recep Tayyip Erdo\u011fan \u00dcniversitesi)<\/li>\n<li>Do\u00e7. Dr. Bayramali Naz\u0131ro\u011flu (Recep Tayyip Erdo\u011fan \u00dcniversitesi)<\/li>\n<li>Do\u00e7. Dr. S\u00fcmeyra Bilecik Karacan (Sel\u00e7uk \u00dcniversitesi)<\/li>\n<li>Dr. \u00d6\u011fr. \u00dcyesi M. Fatih Turanalp (Necmettin Erbakan \u00dcniversitesi)<\/li>\n<li>Ar\u015f. G\u00f6r. Dr. \u0130rfan Erdo\u011fan (Necmettin Erbakan \u00dcniversitesi)<\/li>\n<li>\u00d6\u011fr. G\u00f6r. Dr. Saadet \u0130der (Necmettin Erbakan \u00dcniversitesi)<\/li>\n<\/ul>\n<div class=\"gdlr-shortcode-wrapper\"><div class=\"gdlr-item-title-wrapper gdlr-item pos-left \"><div class=\"gdlr-item-title-head\"><h3 class=\"gdlr-item-title gdlr-skin-title gdlr-skin-border gdlr-title-small\">Bilim Kurulu<\/h3><div class=\"clear\"><\/div><\/div><div class=\"gdlr-item-title-divider\"><\/div><\/div><\/div>\n<ul>\n<li>Prof. Dr. Abbas \u00c7elik (Atat\u00fcrk \u00dcniversitesi)<\/li>\n<li>Prof. Dr. Abdurhahman Dodurgal\u0131 (Hakkari \u00dcniversitesi)<\/li>\n<li>Prof. Dr. Ahmet Ko\u00e7 (\u0130stanbul 29 May\u0131s \u00dcniversitesi)<\/li>\n<li>Prof. Dr. Ay\u015fe Zi\u015fan Furat (\u0130stanbul \u00dcniversitesi)<\/li>\n<li>Prof. Dr. B\u00fclent \u00c7elikel (Mu\u011fla S\u0131tk\u0131 Ko\u00e7man \u00dcniversitesi)<\/li>\n<li>Prof. Dr. Cemal Tosun (Ankara \u00dcniversitesi)<\/li>\n<li>Prof. Dr. Cemil Oru\u00e7 (\u0130n\u00f6n\u00fc \u00dcniversitesi)<\/li>\n<li>Prof. Dr. Ey\u00fcp \u015eim\u015fek (Atat\u00fcrk \u00dcniversitesi)<\/li>\n<li>Prof. Dr. Halit Ev (Manisa Celal Bayar \u00dcniversitesi)<\/li>\n<li>Prof. Dr. Hamit Er (\u0130stanbul \u00dcniversitesi)<\/li>\n<li>Prof. Dr. H\u00fcseyin Y\u0131lmaz (Cumhuriyet \u00dcniversitesi)<\/li>\n<li>Prof. Dr. \u0130brahim Turan (Samsun Ondokuz May\u0131s \u00dcniversitesi)<\/li>\n<li>Prof. Dr. \u0130rfan Ba\u015fkurt (\u0130stanbul \u00dcniversitesi)<\/li>\n<li>Prof. Dr. \u0130smail Sa\u011flam (Bursa Uluda\u011f \u00dcniversitesi)<\/li>\n<li>Prof. Dr. M. Akif K\u0131lavuz (Uluda\u011f \u00dcniversitesi)<\/li>\n<li>Prof. Dr. M. Faruk Bayraktar (D\u00fczce \u00dcniversitesi)<\/li>\n<li>Prof. Dr. M. \u015eevki Ayd\u0131n (Erciyes \u00dcniversitesi)<\/li>\n<li>Prof. Dr. M. Zeki Ayd\u0131n (Sel\u00e7uk \u00dcniversitesi)<\/li>\n<li>Prof. Dr. Macid Y\u0131lmaz (Hitit \u00dcniversitesi)<\/li>\n<li>Prof. Dr. Mehmet Bah\u00e7ekap\u0131l\u0131 (Yalova \u00dcniversitesi)<\/li>\n<li>Prof. Dr. Mehmet Emin Ay (Bursa Uluda\u011f \u00dcniversitesi)<\/li>\n<li>Prof. Dr. Mehmet Kamil Co\u015fkun (Ankara Hac\u0131 Bayram Veli \u00dcniversitesi)<\/li>\n<li>Prof. Dr. Mehmet Korkmaz (Erciyes \u00dcniversitesi)<\/li>\n<li>Prof. Dr. Mevl\u00fct Kaya (Samsun Ondokuz May\u0131s \u00dcniversitesi)<\/li>\n<li>Prof. Dr. Mizrap Polat (Atat\u00fcrk \u00dcniversitesi)<\/li>\n<li>Prof. Dr. Mualla Sel\u00e7uk (Ankara \u00dcniversitesi)<\/li>\n<li>Prof. Dr. Muhiddin Okumu\u015flar (Necmettin Erbakan \u00dcniversitesi)<\/li>\n<li>Prof. Dr. Mustafa K\u00f6yl\u00fc (Samsun Ondokuz May\u0131s \u00dcniversitesi)<\/li>\n<li>Prof. Dr. Mustafa Tavuk\u00e7uo\u011flu (Necmettin Erbakan \u00dcniversitesi)<\/li>\n<li>Prof. Dr. Mustafa Usta (Marmara \u00dcniversitesi)<\/li>\n<li>Prof. Dr. Nebahat G\u00f6\u00e7eri (Sivas Cumhuriyet \u00dcniversitesi)<\/li>\n<li>Prof. Dr. Nevzat Ya\u015far A\u015f\u0131ko\u011flu (Sivas Cumhuriyet \u00dcniversitesi)<\/li>\n<li>Prof. Dr. Nurullah Alta\u015f (Marmara \u00dcniversitesi)<\/li>\n<li>Prof. Dr. Osman Ta\u015ftekin (Erzincan Binali Y\u0131ld\u0131r\u0131m \u00dcniversitesi)<\/li>\n<li>Prof. Dr. Ramazan Buyruk\u00e7u (S\u00fcleyman Demirel \u00dcniversitesi)<\/li>\n<li>Prof. Dr. Recai Do\u011fan (Ankara \u00dcniversitesi)<\/li>\n<li>Prof. Dr. Saadettin \u00d6zdemir (S\u00fcleyman Demirel \u00dcniversitesi)<\/li>\n<li>Prof. Dr. Suat Cebeci (Yalova \u00dcniversitesi)<\/li>\n<li>Prof. Dr. S\u00fcleyman Aky\u00fcrek (Erciyes \u00dcniversitesi)<\/li>\n<li>Prof. Dr. \u015eakir G\u00f6z\u00fctok (Y\u00fcz\u00fcnc\u00fc Y\u0131l \u00dcniversitesi)<\/li>\n<li>Prof. Dr. \u015euayip \u00d6zdemir (Amasya \u00dcniversitesi)<\/li>\n<li>Prof. Dr. Y\u0131ld\u0131z K\u0131z\u0131labdullah (Ankara \u00dcniversitesi)<\/li>\n<li>Prof. Dr. Yurdag\u00fcl Mehmedo\u011flu (K\u0131br\u0131s Sosyal Bilimler \u00dcniversitesi)<\/li>\n<li>Prof. Dr. Yusuf Batar (\u0130n\u00f6n\u00fc \u00dcniversitesi)<\/li>\n<li>Prof. Dr. Zeki Salih Zengin (Ankara Y\u0131ld\u0131r\u0131m Beyaz\u0131t \u00dcniversitesi)<\/li>\n<\/ul>\n<div class=\"gdlr-shortcode-wrapper\"><div class=\"gdlr-item-title-wrapper gdlr-item pos-left \"><div class=\"gdlr-item-title-head\"><h3 class=\"gdlr-item-title gdlr-skin-title gdlr-skin-border gdlr-title-small\">Kongre Sekreteryas\u0131<\/h3><div class=\"clear\"><\/div><\/div><div class=\"gdlr-item-title-divider\"><\/div><\/div><\/div>\n<ul>\n<li>Ar\u015f. G\u00f6r. M\u00fcslime \u00d6rekli (+90 546 406 9132)<\/li>\n<li>Ar\u015f. G\u00f6r. \u015eeyma \u00c7i\u00e7ek (+90 554 637 02 76)<\/li>\n<li>Ar\u015f. G\u00f6r. \u015eeyma Turan (+90 533 400 6998)<\/li>\n<\/ul>\n<div class=\"gdlr-shortcode-wrapper\"><div class=\"gdlr-item-title-wrapper gdlr-item pos-left \"><div class=\"gdlr-item-title-head\"><h3 class=\"gdlr-item-title gdlr-skin-title gdlr-skin-border gdlr-title-small\">\u0130leti\u015fim<\/h3><div class=\"clear\"><\/div><\/div><div class=\"gdlr-item-title-divider\"><\/div><\/div><\/div>\n<ul>\n<li>Dr. \u00d6\u011fr. \u00dcyesi M. Fatih Turanalp (+90 544 899 9596)<br \/>\nNecmettin Erbakan \u00dcniversitesi<br \/>\nAhmet Kele\u015fo\u011flu \u0130lahiyat Fak\u00fcltesi<br \/>\n<strong>Web:<\/strong> www.dinegitimikongresi.com<br \/>\n<strong>E-mail:<\/strong> info@dinegitimikongresi.com<\/li>\n<\/ul>\n<\/div>\n","protected":false},"excerpt":{"rendered":"<p>Prof. Dr. Muhiddin Okumu\u015flar (Necmettin Erbakan \u00dcniversitesi) Prof. Dr. Mustafa Tavuk\u00e7uo\u011flu (Necmettin Erbakan \u00dcniversitesi) Prof. Dr. Nurullah Alta\u015f (Marmara \u00dcniversitesi) Prof. Dr. \u0130brahim Turan (Ondokuz May\u0131s \u00dcniversitesi) Prof. Dr. Ay\u015fe Zi\u015fan Furat (\u0130stanbul \u00dcniversitesi) Do\u00e7. Dr. H. Yusuf Acuner (Recep Tayyip Erdo\u011fan \u00dcniversitesi) Do\u00e7. Dr. Bayramali Naz\u0131ro\u011flu (Recep Tayyip Erdo\u011fan \u00dcniversitesi) Do\u00e7. Dr. S\u00fcmeyra Bilecik&#8230; <\/p>\n<div class=\"clear\"><\/div>\n<p><a href=\"https:\/\/www.dinegitimikongresi.com\/2022\/tr\/kurullar\/\" class=\"gdlr-info-font excerpt-read-more\">Read More<\/a><\/p>\n","protected":false},"author":1,"featured_media":0,"parent":0,"menu_order":0,"comment_status":"closed","ping_status":"closed","template":"","meta":[],"_links":{"self":[{"href":"https:\/\/www.dinegitimikongresi.com\/2022\/wp-json\/wp\/v2\/pages\/3821"}],"collection":[{"href":"https:\/\/www.dinegitimikongresi.com\/2022\/wp-json\/wp\/v2\/pages"}],"about":[{"href":"https:\/\/www.dinegitimikongresi.com\/2022\/wp-json\/wp\/v2\/types\/page"}],"author":[{"embeddable":true,"href":"https:\/\/www.dinegitimikongresi.com\/2022\/wp-json\/wp\/v2\/users\/1"}],"replies":[{"embeddable":true,"href":"https:\/\/www.dinegitimikongresi.com\/2022\/wp-json\/wp\/v2\/comments?post=3821"}],"version-history":[{"count":10,"href":"https:\/\/www.dinegitimikongresi.com\/2022\/wp-json\/wp\/v2\/pages\/3821\/revisions"}],"predecessor-version":[{"id":5306,"href":"https:\/\/www.dinegitimikongresi.com\/2022\/wp-json\/wp\/v2\/pages\/3821\/revisions\/5306"}],"wp:attachment":[{"href":"https:\/\/www.dinegitimikongresi.com\/2022\/wp-json\/wp\/v2\/media?parent=3821"}],"curies":[{"name":"wp","href":"https:\/\/api.w.org\/{rel}","templated":true}]}}