{"id":3823,"date":"2018-06-03T13:35:38","date_gmt":"2018-06-03T10:35:38","guid":{"rendered":"https:\/\/www.dinegitimikongresi.com\/?page_id=3823"},"modified":"2025-07-09T21:37:56","modified_gmt":"2025-07-09T18:37:56","slug":"tam-metin-bildiri-gonder","status":"publish","type":"page","link":"https:\/\/www.dinegitimikongresi.com\/2022\/tr\/tam-metin-bildiri-gonder\/","title":{"rendered":"Tam Metin Bildiri G\u00f6nder"},"content":{"rendered":"<div class=\"gdlr-shortcode-wrapper\"><div class=\"gdlr-item-title-wrapper gdlr-item pos-left \"><div class=\"gdlr-item-title-head\"><h3 class=\"gdlr-item-title gdlr-skin-title gdlr-skin-border gdlr-title-small\"><strong>TAM MET\u0130N B\u0130LD\u0130R\u0130 G\u00d6NDER<\/strong><\/h3><div class=\"clear\"><\/div><\/div><div class=\"gdlr-item-title-divider\"><\/div><\/div><\/div>\n<p style=\"text-align: center;\"><strong>Bildiri g\u00f6nderme s\u00fcresi dolmu\u015ftur.<\/strong><\/p>\n","protected":false},"excerpt":{"rendered":"<p>Bildiri g\u00f6nderme s\u00fcresi dolmu\u015ftur.<\/p>\n","protected":false},"author":1,"featured_media":0,"parent":0,"menu_order":0,"comment_status":"closed","ping_status":"closed","template":"","meta":[],"_links":{"self":[{"href":"https:\/\/www.dinegitimikongresi.com\/2022\/wp-json\/wp\/v2\/pages\/3823"}],"collection":[{"href":"https:\/\/www.dinegitimikongresi.com\/2022\/wp-json\/wp\/v2\/pages"}],"about":[{"href":"https:\/\/www.dinegitimikongresi.com\/2022\/wp-json\/wp\/v2\/types\/page"}],"author":[{"embeddable":true,"href":"https:\/\/www.dinegitimikongresi.com\/2022\/wp-json\/wp\/v2\/users\/1"}],"replies":[{"embeddable":true,"href":"https:\/\/www.dinegitimikongresi.com\/2022\/wp-json\/wp\/v2\/comments?post=3823"}],"version-history":[{"count":10,"href":"https:\/\/www.dinegitimikongresi.com\/2022\/wp-json\/wp\/v2\/pages\/3823\/revisions"}],"predecessor-version":[{"id":5328,"href":"https:\/\/www.dinegitimikongresi.com\/2022\/wp-json\/wp\/v2\/pages\/3823\/revisions\/5328"}],"wp:attachment":[{"href":"https:\/\/www.dinegitimikongresi.com\/2022\/wp-json\/wp\/v2\/media?parent=3823"}],"curies":[{"name":"wp","href":"https:\/\/api.w.org\/{rel}","templated":true}]}}